{"id":7541,"date":"2015-06-10T00:48:07","date_gmt":"2015-06-10T03:48:07","guid":{"rendered":"http:\/\/s11396.p20.sites.pressdns.com\/?page_id=6593"},"modified":"2022-09-18T13:40:54","modified_gmt":"2022-09-18T16:40:54","slug":"perguntas-frequentes-v2","status":"publish","type":"page","link":"https:\/\/cratod.animaker.com.br\/?page_id=7541","title":{"rendered":"Perguntas Frequentes"},"content":{"rendered":"<div class=\"container section-title-container\" ><h3 class=\"section-title section-title-normal\"><b aria-hidden=\"true\"><\/b><span class=\"section-title-main\" >Perguntas Frequentes<\/span><b aria-hidden=\"true\"><\/b><\/h3><\/div>\n<div class=\"row row-small\"  id=\"row-1495718886\">\n\n\t<div id=\"col-1345542066\" class=\"col small-12 large-12\"  >\n\t\t\t\t<div class=\"col-inner\"  >\n\t\t\t\n\t\t\t\n<div class=\"accordion\">\n\t<div id=\"accordion-3105679607\" class=\"accordion-item\">\n\t\t<a id=\"accordion-3105679607-label\" class=\"accordion-title plain\" href=\"#accordion-item-os-visitantes-dos-pacientes-podem-trazer-alimentos-aos-pacientes?\" aria-expanded=\"false\" aria-controls=\"accordion-3105679607-content\">\n\t\t\t<button class=\"toggle\" aria-label=\"Toggle\"><i class=\"icon-angle-down\" aria-hidden=\"true\"><\/i><\/button>\n\t\t\t<span>Os visitantes dos pacientes podem trazer alimentos aos pacientes?<\/span>\n\t\t<\/a>\n\t\t<div id=\"accordion-3105679607-content\" class=\"accordion-inner\" aria-labelledby=\"accordion-3105679607-label\">\n\t\t\t\n<p style=\"text-align: justify;\"><span style=\"font-size: 75%;\"><button id=\"bb1\" type=\"button\" value=\"Play\" class=\"responsivevoice-button\" title=\"ResponsiveVoice Tap to Start\/Stop Speech\"><span>&#128266; Ouvir<\/span><\/button>\n        <script>\n            bb1.onclick = function(){\n                if(responsiveVoice.isPlaying()){\n                    responsiveVoice.cancel();\n                }else{\n                    responsiveVoice.speak(\"A alimenta\u00e7\u00e3o \u00e9 realizada sob a supervis\u00e3o de profissionais nutricionistas, que est\u00e3o preparados a orientar e esclarecer d\u00favidas quanto \u00e0 dieta, durante o per\u00edodo de interna\u00e7\u00e3o. As refei\u00e7\u00f5es servidas devem suprir as necessidades nutricionais do paciente, observando sempre que poss\u00edvel suas prefer\u00eancias alimentares. Consulte o nutricionista se houver necessidade de alterar algum alimento da dieta prescrita, assim como trazer alimentos de fora do hospital. Caso haja d\u00favida em rela\u00e7\u00e3o \u00e0 alimenta\u00e7\u00e3o ou restri\u00e7\u00e3o a alimentos informe o enfermeiro respons\u00e1vel e solicite a presen\u00e7a do nutricionista. IMPORTANTE: informe \u00e0 equipe assistencial (m\u00e9dicos, enfermeiros e nutricionistas) se for al\u00e9rgico a algum tipo de alimento.\", \"Brazilian Portuguese Female\");\n                }\n            };\n        <\/script>\n    <\/span><span style=\"font-weight: 400;\">A alimenta\u00e7\u00e3o \u00e9 realizada sob a supervis\u00e3o de profissionais nutricionistas, que est\u00e3o preparados a orientar e esclarecer d\u00favidas quanto \u00e0 dieta, durante o per\u00edodo de interna\u00e7\u00e3o.<\/span><\/p>\n<p style=\"text-align: justify;\"><span style=\"font-weight: 400;\">As refei\u00e7\u00f5es servidas devem suprir as necessidades nutricionais do paciente, observando sempre que poss\u00edvel suas prefer\u00eancias alimentares.<\/span><\/p>\n<p style=\"text-align: justify;\"><span style=\"font-weight: 400;\">Consulte o nutricionista se houver necessidade de alterar algum alimento da dieta prescrita, assim como trazer alimentos de fora do hospital.<\/span><\/p>\n<p style=\"text-align: justify;\"><span style=\"font-weight: 400;\">Caso haja d\u00favida em rela\u00e7\u00e3o \u00e0 alimenta\u00e7\u00e3o ou restri\u00e7\u00e3o a alimentos informe o enfermeiro respons\u00e1vel e solicite a presen\u00e7a do nutricionista.<\/span><\/p>\n<p style=\"text-align: justify;\"><span style=\"font-weight: 400;\">IMPORTANTE: informe \u00e0 equipe assistencial (m\u00e9dicos, enfermeiros e nutricionistas) se for al\u00e9rgico a algum tipo de alimento.<\/span><span style=\"font-size: 14.4px;\"><\/span><\/p>\n\t\t<\/div>\n\t<\/div>\n\t\n\t<div id=\"accordion-1565070544\" class=\"accordion-item\">\n\t\t<a id=\"accordion-1565070544-label\" class=\"accordion-title plain\" href=\"#accordion-item-o-paciente-pode-trazer-medicamentos?\" aria-expanded=\"false\" aria-controls=\"accordion-1565070544-content\">\n\t\t\t<button class=\"toggle\" aria-label=\"Toggle\"><i class=\"icon-angle-down\" aria-hidden=\"true\"><\/i><\/button>\n\t\t\t<span>O paciente pode trazer Medicamentos?<\/span>\n\t\t<\/a>\n\t\t<div id=\"accordion-1565070544-content\" class=\"accordion-inner\" aria-labelledby=\"accordion-1565070544-label\">\n\t\t\t\n<p style=\"text-align: justify;\"><span style=\"font-size: 75%;\"><a><button id=\"bb2\" type=\"button\" value=\"Play\" class=\"responsivevoice-button\" title=\"ResponsiveVoice Tap to Start\/Stop Speech\"><span>&#128266; Ouvir<\/span><\/button>\n        <script>\n            bb2.onclick = function(){\n                if(responsiveVoice.isPlaying()){\n                    responsiveVoice.cancel();\n                }else{\n                    responsiveVoice.speak(\"Caso haja d\u00favida da continuidade do uso de medica\u00e7\u00e3o no momento da interna\u00e7\u00e3o, solicite ao enfermeiro a presen\u00e7a de um farmac\u00eautico. IMPORTANTE: informe \u00e0 equipe assistencial (m\u00e9dicos, enfermeiros e farmac\u00eauticos) se faz uso cont\u00ednuo e\/ou se \u00e9 al\u00e9rgico a algum tipo de medicamento.\", \"Brazilian Portuguese Female\");\n                }\n            };\n        <\/script>\n    <\/a><\/span><span style=\"font-weight: 400;\">Caso haja d\u00favida da continuidade do uso de medica\u00e7\u00e3o no momento da interna\u00e7\u00e3o, solicite ao enfermeiro a presen\u00e7a de um farmac\u00eautico.<\/span><\/p>\n<p style=\"text-align: justify;\"><span style=\"font-weight: 400;\">IMPORTANTE: informe \u00e0 equipe assistencial (m\u00e9dicos, enfermeiros e farmac\u00eauticos) se faz uso cont\u00ednuo e\/ou se \u00e9 al\u00e9rgico a algum tipo de medicamento.<\/span><span style=\"font-size: 14.4px;\"><\/span><\/p>\n\t\t<\/div>\n\t<\/div>\n\t\n\t<div id=\"accordion-4202102179\" class=\"accordion-item\">\n\t\t<a id=\"accordion-4202102179-label\" class=\"accordion-title plain\" href=\"#accordion-item-como-obter-informa\u00e7\u00f5es-sobre-o-estado-de-sa\u00fade-de-pacientes?\" aria-expanded=\"false\" aria-controls=\"accordion-4202102179-content\">\n\t\t\t<button class=\"toggle\" aria-label=\"Toggle\"><i class=\"icon-angle-down\" aria-hidden=\"true\"><\/i><\/button>\n\t\t\t<span>Como obter informa\u00e7\u00f5es sobre o estado de sa\u00fade de pacientes?<\/span>\n\t\t<\/a>\n\t\t<div id=\"accordion-4202102179-content\" class=\"accordion-inner\" aria-labelledby=\"accordion-4202102179-label\">\n\t\t\t\n<p style=\"text-align: justify;\"><span style=\"font-size: 75%;\"><a><button id=\"bb3\" type=\"button\" value=\"Play\" class=\"responsivevoice-button\" title=\"ResponsiveVoice Tap to Start\/Stop Speech\"><span>&#128266; Ouvir<\/span><\/button>\n        <script>\n            bb3.onclick = function(){\n                if(responsiveVoice.isPlaying()){\n                    responsiveVoice.cancel();\n                }else{\n                    responsiveVoice.speak(\"Comparecer no hor\u00e1rio de visita e procurar m\u00e9dico da unidade de interna\u00e7\u00e3o.\", \"Brazilian Portuguese Female\");\n                }\n            };\n        <\/script>\n    <\/a><\/span><span style=\"font-weight: 400;\">Comparecer no hor\u00e1rio de visita e procurar m\u00e9dico da unidade de interna\u00e7\u00e3o.<\/span><span style=\"font-size: 14.4px;\"><\/span><\/p>\n\t\t<\/div>\n\t<\/div>\n\t\n\t<div id=\"accordion-76886417\" class=\"accordion-item\">\n\t\t<a id=\"accordion-76886417-label\" class=\"accordion-title plain\" href=\"#accordion-item-quais-os-hor\u00e1rios-de-visitas?\" aria-expanded=\"false\" aria-controls=\"accordion-76886417-content\">\n\t\t\t<button class=\"toggle\" aria-label=\"Toggle\"><i class=\"icon-angle-down\" aria-hidden=\"true\"><\/i><\/button>\n\t\t\t<span>Quais os hor\u00e1rios de visitas?<\/span>\n\t\t<\/a>\n\t\t<div id=\"accordion-76886417-content\" class=\"accordion-inner\" aria-labelledby=\"accordion-76886417-label\">\n\t\t\t\n<p style=\"text-align: justify;\"><span style=\"font-size: 75%;\"><a><button id=\"bb4\" type=\"button\" value=\"Play\" class=\"responsivevoice-button\" title=\"ResponsiveVoice Tap to Start\/Stop Speech\"><span>&#128266; Ouvir<\/span><\/button>\n        <script>\n            bb4.onclick = function(){\n                if(responsiveVoice.isPlaying()){\n                    responsiveVoice.cancel();\n                }else{\n                    responsiveVoice.speak(\"Verificar cronograma entregue no momento da interna\u00e7\u00e3o. Para a seguran\u00e7a dos nossos pacientes e de nossa equipe as visitas est\u00e3o RESTRITAS. Informa\u00e7\u00f5es m\u00e9dicas sobre pacientes internados ser\u00e3o fornecidas no hor\u00e1rio da visita, na pr\u00f3pria unidade. N\u00e3o ser\u00e1 permitida a entrada de visitantes fora dos hor\u00e1rios estabelecidos pela dire\u00e7\u00e3o. IMPORTANTE: O HOR\u00c1RIO DE VISITA PODER\u00c1 SER ALTERADO, DE ACORDO COM A NECESSIDADE DA UNIDADE.\", \"Brazilian Portuguese Female\");\n                }\n            };\n        <\/script>\n    <\/a><\/span><span style=\"font-weight: 400;\">Verificar cronograma entregue no momento da interna\u00e7\u00e3o.<\/span><\/p>\n<p style=\"text-align: justify;\"><span style=\"font-weight: 400;\">Para a seguran\u00e7a dos nossos pacientes e de nossa equipe as visitas est\u00e3o RESTRITAS.<\/span><\/p>\n<p style=\"text-align: justify;\"><span style=\"font-weight: 400;\">Informa\u00e7\u00f5es m\u00e9dicas sobre pacientes internados ser\u00e3o fornecidas no hor\u00e1rio da visita, na pr\u00f3pria unidade.<\/span><\/p>\n<p style=\"text-align: justify;\"><span style=\"font-weight: 400;\">N\u00e3o ser\u00e1 permitida a entrada de visitantes fora dos hor\u00e1rios estabelecidos pela dire\u00e7\u00e3o.<\/span><\/p>\n<p style=\"text-align: justify;\"><span style=\"font-weight: 400;\">IMPORTANTE: O HOR\u00c1RIO DE VISITA PODER\u00c1 SER ALTERADO, DE ACORDO COM A NECESSIDADE DA UNIDADE.<\/span><span style=\"font-size: 14.4px;\"><\/span><\/p>\n\t\t<\/div>\n\t<\/div>\n\t\n\t<div id=\"accordion-2058925296\" class=\"accordion-item\">\n\t\t<a id=\"accordion-2058925296-label\" class=\"accordion-title plain\" href=\"#accordion-item-como-serei-avisado-sobre-a-data-da-alta-hospitalar?\" aria-expanded=\"false\" aria-controls=\"accordion-2058925296-content\">\n\t\t\t<button class=\"toggle\" aria-label=\"Toggle\"><i class=\"icon-angle-down\" aria-hidden=\"true\"><\/i><\/button>\n\t\t\t<span>Como serei avisado sobre a data da alta hospitalar?<\/span>\n\t\t<\/a>\n\t\t<div id=\"accordion-2058925296-content\" class=\"accordion-inner\" aria-labelledby=\"accordion-2058925296-label\">\n\t\t\t\n<p style=\"text-align: justify;\"><span style=\"font-size: 75%;\"><button id=\"bb5\" type=\"button\" value=\"Play\" class=\"responsivevoice-button\" title=\"ResponsiveVoice Tap to Start\/Stop Speech\"><span>&#128266; Play<\/span><\/button>\n        <script>\n            bb5.onclick = function(){\n                if(responsiveVoice.isPlaying()){\n                    responsiveVoice.cancel();\n                }else{\n                    responsiveVoice.speak(\"A unidade comunicar\u00e1 a transfer\u00eancia aos familiares via contato telef\u00f4nico pelo n\u00famero de telefone fornecido na ficha de interna\u00e7\u00e3o.\", \"Brazilian Portuguese Female\");\n                }\n            };\n        <\/script>\n    <span style=\"font-weight: 400;\">A unidade comunicar\u00e1 a transfer\u00eancia aos familiares via contato telef\u00f4nico pelo n\u00famero de telefone fornecido na ficha de interna\u00e7\u00e3o.<\/span>\n\t\t<\/div>\n\t<\/div>\n\t\n\t<div id=\"accordion-1245125066\" class=\"accordion-item\">\n\t\t<a id=\"accordion-1245125066-label\" class=\"accordion-title plain\" href=\"#accordion-item-preciso-pagar-pelos-atendimentos-no-hospital?\" aria-expanded=\"false\" aria-controls=\"accordion-1245125066-content\">\n\t\t\t<button class=\"toggle\" aria-label=\"Toggle\"><i class=\"icon-angle-down\" aria-hidden=\"true\"><\/i><\/button>\n\t\t\t<span>Preciso pagar pelos atendimentos no Hospital?<\/span>\n\t\t<\/a>\n\t\t<div id=\"accordion-1245125066-content\" class=\"accordion-inner\" aria-labelledby=\"accordion-1245125066-label\">\n\t\t\t\n<p style=\"text-align: justify;\"><span style=\"font-size: 75%;\"><button id=\"bb6\" type=\"button\" value=\"Play\" class=\"responsivevoice-button\" title=\"ResponsiveVoice Tap to Start\/Stop Speech\"><span>&#128266; Ouvir<\/span><\/button>\n        <script>\n            bb6.onclick = function(){\n                if(responsiveVoice.isPlaying()){\n                    responsiveVoice.cancel();\n                }else{\n                    responsiveVoice.speak(\"N\u00e3o. Para pacientes SUS \u00e9 proibido qualquer tipo de cobran\u00e7a \u2013 o atendimento \u00e9 100% GRATUITO.\", \"Brazilian Portuguese Female\");\n                }\n            };\n        <\/script>\n    <\/span><\/p>\n<p style=\"text-align: justify;\"><span style=\"font-weight: 400;\">N\u00e3o. Para pacientes SUS \u00e9 proibido qualquer tipo de cobran\u00e7a \u2013 o atendimento \u00e9 100% GRATUITO. <\/span><\/p>\n<p style=\"text-align: justify;\"><span style=\"font-size: 14.4px;\"><\/span><\/p>\n\t\t<\/div>\n\t<\/div>\n\t\n\t<div id=\"accordion-4108200341\" class=\"accordion-item\">\n\t\t<a id=\"accordion-4108200341-label\" class=\"accordion-title plain\" href=\"#accordion-item-posso-filmar-ou-fotografar?\" aria-expanded=\"false\" aria-controls=\"accordion-4108200341-content\">\n\t\t\t<button class=\"toggle\" aria-label=\"Toggle\"><i class=\"icon-angle-down\" aria-hidden=\"true\"><\/i><\/button>\n\t\t\t<span>Posso filmar ou fotografar?<\/span>\n\t\t<\/a>\n\t\t<div id=\"accordion-4108200341-content\" class=\"accordion-inner\" aria-labelledby=\"accordion-4108200341-label\">\n\t\t\t\n<p style=\"text-align: justify;\"><span style=\"font-size: 75%;\"><button id=\"bb7\" type=\"button\" value=\"Play\" class=\"responsivevoice-button\" title=\"ResponsiveVoice Tap to Start\/Stop Speech\"><span>&#128266; Ouvir<\/span><\/button>\n        <script>\n            bb7.onclick = function(){\n                if(responsiveVoice.isPlaying()){\n                    responsiveVoice.cancel();\n                }else{\n                    responsiveVoice.speak(\"\u00c9 proibida a filmagem e\/ou fotografia DE PACIENTE em ambiente de sa\u00fade, tanto por profissional m\u00e9dico, param\u00e9dico ou indiv\u00edduo leigo, sem autoriza\u00e7\u00e3o expressa. Para realiza\u00e7\u00e3o de tais procedimentos, deve haver ci\u00eancia e concord\u00e2ncia do paciente e seus familiares. \u00c9 proibido filmar e\/ou fotografar as depend\u00eancias e profissionais da unidade. Se tiver d\u00favidas, entre em contato com o servi\u00e7o para maiores esclarecimentos.\u00a0\", \"Brazilian Portuguese Female\");\n                }\n            };\n        <\/script>\n    <\/span><\/p>\n<p style=\"text-align: justify;\"><span style=\"font-weight: 400;\">\u00c9 proibida a filmagem e\/ou fotografia DE PACIENTE em ambiente de sa\u00fade, tanto por profissional m\u00e9dico, param\u00e9dico ou indiv\u00edduo leigo, sem autoriza\u00e7\u00e3o expressa.<\/span><\/p>\n<p style=\"text-align: justify;\"><span style=\"font-weight: 400;\">Para realiza\u00e7\u00e3o de tais procedimentos, deve haver ci\u00eancia e concord\u00e2ncia do paciente e seus familiares.<\/span><\/p>\n<p style=\"text-align: justify;\"><span style=\"font-weight: 400;\">\u00c9 proibido filmar e\/ou fotografar as depend\u00eancias e profissionais da unidade.<\/span><\/p>\n<p style=\"text-align: justify;\"><span style=\"font-weight: 400;\">Se tiver d\u00favidas, entre em contato com o servi\u00e7o para maiores esclarecimentos.\u00a0<\/span><\/p>\n<p style=\"text-align: justify;\">\n\t\t<\/div>\n\t<\/div>\n\t\n<\/div>\n\t\t<\/div>\n\t\t\t\t\t<\/div>\n\n\t\n<\/div>\n","protected":false},"excerpt":{"rendered":"","protected":false},"author":21,"featured_media":0,"parent":0,"menu_order":0,"comment_status":"closed","ping_status":"closed","template":"","meta":{"footnotes":""},"class_list":["post-7541","page","type-page","status-publish","hentry"],"_links":{"self":[{"href":"https:\/\/cratod.animaker.com.br\/index.php?rest_route=\/wp\/v2\/pages\/7541","targetHints":{"allow":["GET"]}}],"collection":[{"href":"https:\/\/cratod.animaker.com.br\/index.php?rest_route=\/wp\/v2\/pages"}],"about":[{"href":"https:\/\/cratod.animaker.com.br\/index.php?rest_route=\/wp\/v2\/types\/page"}],"author":[{"embeddable":true,"href":"https:\/\/cratod.animaker.com.br\/index.php?rest_route=\/wp\/v2\/users\/21"}],"replies":[{"embeddable":true,"href":"https:\/\/cratod.animaker.com.br\/index.php?rest_route=%2Fwp%2Fv2%2Fcomments&post=7541"}],"version-history":[{"count":0,"href":"https:\/\/cratod.animaker.com.br\/index.php?rest_route=\/wp\/v2\/pages\/7541\/revisions"}],"wp:attachment":[{"href":"https:\/\/cratod.animaker.com.br\/index.php?rest_route=%2Fwp%2Fv2%2Fmedia&parent=7541"}],"curies":[{"name":"wp","href":"https:\/\/api.w.org\/{rel}","templated":true}]}}